{"id":24,"date":"2019-04-14T10:40:14","date_gmt":"2019-04-14T08:40:14","guid":{"rendered":"https:\/\/www.calligrafee.com\/cours\/?page_id=24"},"modified":"2022-03-07T15:58:36","modified_gmt":"2022-03-07T14:58:36","slug":"module-1","status":"publish","type":"page","link":"https:\/\/www.calligrafee.com\/cours\/membership-login\/module-1\/","title":{"rendered":"Module 1"},"content":{"rendered":"<h1 style=\"text-align: center;\"><span style=\"color: #ff0000;\">Un marque-page enlumin\u00e9<br \/>\n<\/span><\/h1>\n<p><img class=\"alignnone wp-image-238\" src=\"https:\/\/www.calligrafee.com\/school\/wp-content\/uploads\/sites\/5\/2018\/03\/bookmark.jpg\" alt=\"\" width=\"369\" height=\"174\" \/> <img class=\"alignnone wp-image-241\" src=\"https:\/\/www.calligrafee.com\/school\/wp-content\/uploads\/sites\/5\/2018\/03\/bookmark2.jpg\" alt=\"\" width=\"411\" height=\"174\" \/><\/p>\n<p>Ce module est compos\u00e9 de 6 cours pour vous conduire au r\u00e9sultat final : un beau marque-page :<\/p>\n<ul>\n<li><span style=\"color: #0000ff;\">Cours 1 : Esquisse au crayon pour l&rsquo;initiale enlumin\u00e9e,<\/span><\/li>\n<li><span style=\"color: #0000ff;\">Cours 2 : Premiers pas en calligraphie : l&rsquo;alphabet humanistique,<\/span><\/li>\n<li><span style=\"color: #0000ff;\">Cours 3 : Apprendre \u00e0 dessiner des licornes et des dragons,<\/span><\/li>\n<li><span style=\"color: #0000ff;\">Cours 4 : Retour \u00e0 la calligraphie : \u00e9crire des mots et ajouter des d\u00e9corations,<\/span><\/li>\n<li><span style=\"color: #0000ff;\">Cours 5 : Un petit panneau d&rsquo;entrelacs celtiques,<\/span><\/li>\n<li><span style=\"color: #0000ff;\">Cours 6 : Assembler tous les \u00e9l\u00e9ments pour cr\u00e9er un merveilleux marque-page!<\/span><\/li>\n<\/ul>\n<h2 style=\"text-align: left;\"><a href=\"https:\/\/www.calligrafee.com\/cours\/membership-join\/\"><span style=\"color: #0000ff;\"><strong><span style=\"text-decoration: underline;\">Enregistrez-vous pour tous les modules ou seulement ce module :<\/span><\/strong><\/span><\/a><\/h2>\n<p>Achetez pour 12 mois l&rsquo;acc\u00e8s \u00e0 tous les modules pour <strong><span style=\"color: #ff0000;\">65 \u20ac<\/span><\/strong>, ou aux 6 vid\u00e9os et aux 11 documents de cours du Module 1 au prix de <span style=\"text-decoration: underline;\"><span style=\"color: #ff0000; text-decoration: underline;\"><strong>16 \u20ac<\/strong><\/span><\/span> seulement et r\u00e9alisez votre propre marque-page :<\/p>\n<p>En utilisant <strong>STRIPE<\/strong> avec votre carte de cr\u00e9dit sur la page \u00ab\u00a0<strong><span style=\"text-decoration: underline;\"><span style=\"color: #0000ff; text-decoration: underline;\"><a style=\"color: #0000ff; text-decoration: underline;\" href=\"https:\/\/www.calligrafee.com\/cours\/membership-join\/\">rejoignez-nous<\/a><\/span><\/span><\/strong>\u00ab\u00a0, paiement s\u00e9curis\u00e9.<\/p>\n<p>En utilisant <strong>PAYPAL<\/strong> sur la page \u00ab\u00a0<strong><a href=\"https:\/\/www.calligrafee.com\/cours\/membership-join\/\"><span style=\"text-decoration: underline;\"><span style=\"color: #0000ff; text-decoration: underline;\">rejoignez-nous<\/span><\/span><\/a><\/strong>\u00ab\u00a0, paiement s\u00e9curis\u00e9.<\/p>\n<div class=\"swpm-more-tag-not-logged-in swpm-margin-top-10\">You need to be logged in to view the rest of the content. Veuillez <a class=\"swpm-login-link\" href=\"https:\/\/www.calligrafee.com\/cours\/membership-login\/\">Log In<\/a>. Not a Member? <a href=\"https:\/\/www.calligrafee.com\/cours\/membership-join\/\">Nous Rejoindre<\/a><\/div>","protected":false},"excerpt":{"rendered":"<p>Un marque-page enlumin\u00e9 Ce module est compos\u00e9 de 6 cours pour vous conduire au r\u00e9sultat final : un beau marque-page : Cours 1 : Esquisse au crayon pour l&rsquo;initiale enlumin\u00e9e, Cours 2 : Premiers pas en calligraphie : l&rsquo;alphabet humanistique, Cours 3 : Apprendre \u00e0 dessiner des licornes et des dragons, Cours 4 : Retour &hellip; <a href=\"https:\/\/www.calligrafee.com\/cours\/membership-login\/module-1\/\" class=\"more-link\">Continue reading <span class=\"screen-reader-text\">Module 1<\/span> <span class=\"meta-nav\">&rarr;<\/span><\/a><\/p>\n","protected":false},"author":1,"featured_media":0,"parent":7,"menu_order":0,"comment_status":"open","ping_status":"closed","template":"","meta":{"footnotes":""},"class_list":["post-24","page","type-page","status-publish","hentry"],"yoast_head":"<!-- This site is optimized with the Yoast SEO plugin v24.4 - https:\/\/yoast.com\/wordpress\/plugins\/seo\/ -->\n<title>Module 1 - Ecole d&#039;art Calligraf\u00e9e<\/title>\n<meta name=\"robots\" content=\"index, follow, max-snippet:-1, max-image-preview:large, max-video-preview:-1\" \/>\n<link rel=\"canonical\" href=\"https:\/\/www.calligrafee.com\/cours\/membership-login\/module-1\/\" \/>\n<meta property=\"og:locale\" content=\"fr_FR\" \/>\n<meta property=\"og:type\" content=\"article\" \/>\n<meta property=\"og:title\" content=\"Module 1 - Ecole d&#039;art Calligraf\u00e9e\" \/>\n<meta property=\"og:description\" content=\"Un marque-page enlumin\u00e9 Ce module est compos\u00e9 de 6 cours pour vous conduire au r\u00e9sultat final : un beau marque-page : Cours 1 : Esquisse au crayon pour l&rsquo;initiale enlumin\u00e9e, Cours 2 : Premiers pas en calligraphie : l&rsquo;alphabet humanistique, Cours 3 : Apprendre \u00e0 dessiner des licornes et des dragons, Cours 4 : Retour &hellip; Continue reading Module 1 &rarr;\" \/>\n<meta property=\"og:url\" content=\"https:\/\/www.calligrafee.com\/cours\/membership-login\/module-1\/\" \/>\n<meta property=\"og:site_name\" content=\"Ecole d&#039;art Calligraf\u00e9e\" \/>\n<meta property=\"article:modified_time\" content=\"2022-03-07T14:58:36+00:00\" \/>\n<meta property=\"og:image\" content=\"https:\/\/www.calligrafee.com\/school\/wp-content\/uploads\/sites\/5\/2018\/03\/bookmark.jpg\" \/>\n<meta name=\"twitter:card\" content=\"summary_large_image\" \/>\n<meta name=\"twitter:label1\" content=\"Dur\u00e9e de lecture estim\u00e9e\" \/>\n\t<meta name=\"twitter:data1\" content=\"2 minutes\" \/>\n<script type=\"application\/ld+json\" class=\"yoast-schema-graph\">{\"@context\":\"https:\/\/schema.org\",\"@graph\":[{\"@type\":\"WebPage\",\"@id\":\"https:\/\/www.calligrafee.com\/cours\/membership-login\/module-1\/\",\"url\":\"https:\/\/www.calligrafee.com\/cours\/membership-login\/module-1\/\",\"name\":\"Module 1 - Ecole d&#039;art Calligraf\u00e9e\",\"isPartOf\":{\"@id\":\"https:\/\/www.calligrafee.com\/cours\/#website\"},\"primaryImageOfPage\":{\"@id\":\"https:\/\/www.calligrafee.com\/cours\/membership-login\/module-1\/#primaryimage\"},\"image\":{\"@id\":\"https:\/\/www.calligrafee.com\/cours\/membership-login\/module-1\/#primaryimage\"},\"thumbnailUrl\":\"https:\/\/www.calligrafee.com\/school\/wp-content\/uploads\/sites\/5\/2018\/03\/bookmark.jpg\",\"datePublished\":\"2019-04-14T08:40:14+00:00\",\"dateModified\":\"2022-03-07T14:58:36+00:00\",\"breadcrumb\":{\"@id\":\"https:\/\/www.calligrafee.com\/cours\/membership-login\/module-1\/#breadcrumb\"},\"inLanguage\":\"fr-FR\",\"potentialAction\":[{\"@type\":\"ReadAction\",\"target\":[\"https:\/\/www.calligrafee.com\/cours\/membership-login\/module-1\/\"]}]},{\"@type\":\"ImageObject\",\"inLanguage\":\"fr-FR\",\"@id\":\"https:\/\/www.calligrafee.com\/cours\/membership-login\/module-1\/#primaryimage\",\"url\":\"https:\/\/www.calligrafee.com\/school\/wp-content\/uploads\/sites\/5\/2018\/03\/bookmark.jpg\",\"contentUrl\":\"https:\/\/www.calligrafee.com\/school\/wp-content\/uploads\/sites\/5\/2018\/03\/bookmark.jpg\"},{\"@type\":\"BreadcrumbList\",\"@id\":\"https:\/\/www.calligrafee.com\/cours\/membership-login\/module-1\/#breadcrumb\",\"itemListElement\":[{\"@type\":\"ListItem\",\"position\":1,\"name\":\"Accueil\",\"item\":\"https:\/\/www.calligrafee.com\/cours\/\"},{\"@type\":\"ListItem\",\"position\":2,\"name\":\"Acc\u00e8s utilisateur (login)\",\"item\":\"https:\/\/www.calligrafee.com\/cours\/membership-login\/\"},{\"@type\":\"ListItem\",\"position\":3,\"name\":\"Module 1\"}]},{\"@type\":\"WebSite\",\"@id\":\"https:\/\/www.calligrafee.com\/cours\/#website\",\"url\":\"https:\/\/www.calligrafee.com\/cours\/\",\"name\":\"Ecole d&#039;art Calligraf\u00e9e\",\"description\":\"Apprenez la calligraphie, l&#039;enluminure et l&#039;art fantastique\",\"potentialAction\":[{\"@type\":\"SearchAction\",\"target\":{\"@type\":\"EntryPoint\",\"urlTemplate\":\"https:\/\/www.calligrafee.com\/cours\/?s={search_term_string}\"},\"query-input\":{\"@type\":\"PropertyValueSpecification\",\"valueRequired\":true,\"valueName\":\"search_term_string\"}}],\"inLanguage\":\"fr-FR\"}]}<\/script>\n<!-- \/ Yoast SEO plugin. -->","yoast_head_json":{"title":"Module 1 - Ecole d&#039;art Calligraf\u00e9e","robots":{"index":"index","follow":"follow","max-snippet":"max-snippet:-1","max-image-preview":"max-image-preview:large","max-video-preview":"max-video-preview:-1"},"canonical":"https:\/\/www.calligrafee.com\/cours\/membership-login\/module-1\/","og_locale":"fr_FR","og_type":"article","og_title":"Module 1 - Ecole d&#039;art Calligraf\u00e9e","og_description":"Un marque-page enlumin\u00e9 Ce module est compos\u00e9 de 6 cours pour vous conduire au r\u00e9sultat final : un beau marque-page : Cours 1 : Esquisse au crayon pour l&rsquo;initiale enlumin\u00e9e, Cours 2 : Premiers pas en calligraphie : l&rsquo;alphabet humanistique, Cours 3 : Apprendre \u00e0 dessiner des licornes et des dragons, Cours 4 : Retour &hellip; Continue reading Module 1 &rarr;","og_url":"https:\/\/www.calligrafee.com\/cours\/membership-login\/module-1\/","og_site_name":"Ecole d&#039;art Calligraf\u00e9e","article_modified_time":"2022-03-07T14:58:36+00:00","og_image":[{"url":"https:\/\/www.calligrafee.com\/school\/wp-content\/uploads\/sites\/5\/2018\/03\/bookmark.jpg","type":"","width":"","height":""}],"twitter_card":"summary_large_image","twitter_misc":{"Dur\u00e9e de lecture estim\u00e9e":"2 minutes"},"schema":{"@context":"https:\/\/schema.org","@graph":[{"@type":"WebPage","@id":"https:\/\/www.calligrafee.com\/cours\/membership-login\/module-1\/","url":"https:\/\/www.calligrafee.com\/cours\/membership-login\/module-1\/","name":"Module 1 - Ecole d&#039;art Calligraf\u00e9e","isPartOf":{"@id":"https:\/\/www.calligrafee.com\/cours\/#website"},"primaryImageOfPage":{"@id":"https:\/\/www.calligrafee.com\/cours\/membership-login\/module-1\/#primaryimage"},"image":{"@id":"https:\/\/www.calligrafee.com\/cours\/membership-login\/module-1\/#primaryimage"},"thumbnailUrl":"https:\/\/www.calligrafee.com\/school\/wp-content\/uploads\/sites\/5\/2018\/03\/bookmark.jpg","datePublished":"2019-04-14T08:40:14+00:00","dateModified":"2022-03-07T14:58:36+00:00","breadcrumb":{"@id":"https:\/\/www.calligrafee.com\/cours\/membership-login\/module-1\/#breadcrumb"},"inLanguage":"fr-FR","potentialAction":[{"@type":"ReadAction","target":["https:\/\/www.calligrafee.com\/cours\/membership-login\/module-1\/"]}]},{"@type":"ImageObject","inLanguage":"fr-FR","@id":"https:\/\/www.calligrafee.com\/cours\/membership-login\/module-1\/#primaryimage","url":"https:\/\/www.calligrafee.com\/school\/wp-content\/uploads\/sites\/5\/2018\/03\/bookmark.jpg","contentUrl":"https:\/\/www.calligrafee.com\/school\/wp-content\/uploads\/sites\/5\/2018\/03\/bookmark.jpg"},{"@type":"BreadcrumbList","@id":"https:\/\/www.calligrafee.com\/cours\/membership-login\/module-1\/#breadcrumb","itemListElement":[{"@type":"ListItem","position":1,"name":"Accueil","item":"https:\/\/www.calligrafee.com\/cours\/"},{"@type":"ListItem","position":2,"name":"Acc\u00e8s utilisateur (login)","item":"https:\/\/www.calligrafee.com\/cours\/membership-login\/"},{"@type":"ListItem","position":3,"name":"Module 1"}]},{"@type":"WebSite","@id":"https:\/\/www.calligrafee.com\/cours\/#website","url":"https:\/\/www.calligrafee.com\/cours\/","name":"Ecole d&#039;art Calligraf\u00e9e","description":"Apprenez la calligraphie, l&#039;enluminure et l&#039;art fantastique","potentialAction":[{"@type":"SearchAction","target":{"@type":"EntryPoint","urlTemplate":"https:\/\/www.calligrafee.com\/cours\/?s={search_term_string}"},"query-input":{"@type":"PropertyValueSpecification","valueRequired":true,"valueName":"search_term_string"}}],"inLanguage":"fr-FR"}]}},"_links":{"self":[{"href":"https:\/\/www.calligrafee.com\/cours\/wp-json\/wp\/v2\/pages\/24"}],"collection":[{"href":"https:\/\/www.calligrafee.com\/cours\/wp-json\/wp\/v2\/pages"}],"about":[{"href":"https:\/\/www.calligrafee.com\/cours\/wp-json\/wp\/v2\/types\/page"}],"author":[{"embeddable":true,"href":"https:\/\/www.calligrafee.com\/cours\/wp-json\/wp\/v2\/users\/1"}],"replies":[{"embeddable":true,"href":"https:\/\/www.calligrafee.com\/cours\/wp-json\/wp\/v2\/comments?post=24"}],"version-history":[{"count":0,"href":"https:\/\/www.calligrafee.com\/cours\/wp-json\/wp\/v2\/pages\/24\/revisions"}],"up":[{"embeddable":true,"href":"https:\/\/www.calligrafee.com\/cours\/wp-json\/wp\/v2\/pages\/7"}],"wp:attachment":[{"href":"https:\/\/www.calligrafee.com\/cours\/wp-json\/wp\/v2\/media?parent=24"}],"curies":[{"name":"wp","href":"https:\/\/api.w.org\/{rel}","templated":true}]}}