{"id":464,"date":"2020-08-17T14:07:20","date_gmt":"2020-08-17T12:07:20","guid":{"rendered":"https:\/\/www.calligrafee.com\/cours\/?page_id=464"},"modified":"2022-03-07T15:57:59","modified_gmt":"2022-03-07T14:57:59","slug":"licornes","status":"publish","type":"page","link":"https:\/\/www.calligrafee.com\/cours\/licornes\/","title":{"rendered":"Dessiner les Licornes"},"content":{"rendered":"<p><\/p>\n<p><img class=\"wp-image-238 aligncenter\" src=\"http:\/www.calligrafee.com\/cours\/wp-content\/uploads\/sites\/6\/2021\/02\/image-06b.jpg\" alt=\"Hearted Unicorn\" width=\"449\" height=\"303\" \/><\/p>\n<p><\/p>\n<p>Ceci est un module sp\u00e9cial \u00ab\u00a0Licornes\u00a0\u00bb de l&rsquo;\u00e9cole en ligne Calligraf\u00e9e, qui vient en compl\u00e9ment du nouveau livre de Jane : <a href=\"https:\/\/www.amazon.fr\/dp\/B08FR8JSCC?ref_=pe_3052080_397514860\"><span style=\"text-decoration: underline; color: #0000ff;\"><strong>Dessiner les Licornes<\/strong><\/span><\/a>. (Vous pouvez bien sur appr\u00e9cier le module par lui-m\u00eame, mais le livre est un bon compl\u00e9ment qui donne beaucoup de d\u00e9tails et comporte une partie coloriage avec de nombreux mod\u00e8les).<\/p>\n<p><\/p>\n<p><\/p>\n<p>Les trois classes en vid\u00e9o vont vous permettre d&rsquo;apprendre \u00e0 faire un croquis de ces merveilleuses cr\u00e9atures, puis \u00e0 affiner votre dessin : d&rsquo;abord les contours, puis les couleurs. Enfin vous apprendrez \u00e0 cr\u00e9er un paysage fantastique peupl\u00e9 de cr\u00e9atures tout aussi fantastiques pour aboutir \u00e0 une composition finale autour de votre licorne.<\/p>\n<p><\/p>\n<p><\/p>\n<p style=\"text-align: center;\"><img class=\" wp-image-874\" src=\"https:\/\/www.calligrafee.com\/school\/wp-content\/uploads\/sites\/5\/2020\/08\/image-01b.jpg\" alt=\"Dancing Unicorn\" width=\"280\" height=\"321\" \/> <img class=\"wp-image-878 alignnone\" src=\"https:\/\/www.calligrafee.com\/cours\/wp-content\/uploads\/sites\/6\/2021\/02\/image-02b.jpg\" alt=\"Running Unicorn\" width=\"280\" height=\"213\" \/><\/p>\n<p><\/p>\n<p><\/p>\n<p><strong>Classe 1. Apprendre \u00e0 dessiner les licornes<br \/><\/strong><\/p>\n<p><\/p>\n<p><\/p>\n<p>Dans cette premi\u00e8re le\u00e7on, Jane vous conduit pas \u00e0 pas\u00a0 pour r\u00e9aliser une esquisse de licorne au crayon. Gr\u00e2ce \u00e0 sa m\u00e9thode, bas\u00e9e sur des cercles et des lignes simples, vous pouvez mettre en place la position et le mouvement de votre licorne. Vous pouvez alors revenir, toujours au crayon, pour faire un contour plus pr\u00e9cis et ajouter des d\u00e9tails. Deux licornes sont propos\u00e9es en exemple, une qui marche et l&rsquo;autre qui se cabre.<\/p>\n<p><\/p>\n<p><\/p>\n<p><strong>Classe 2. Une licorne qui danse, dessin\u00e9e puis colori\u00e9e au crayon<\/strong><\/p>\n<p><\/p>\n<p><\/p>\n<p>Cette deuxi\u00e8me le\u00e7on vous montre, \u00e9tape par \u00e9tape, comment dessiner une licorne joyeuse en train de danser. Le contour est fait au marqueur noir fin; le coloriage, tr\u00e8s d\u00e9licatement, aux crayons de couleurs.<\/p>\n<p><\/p>\n<p><\/p>\n<p><strong>Classe 3. Une licorne dans un paysage fantastique<br \/><\/strong><\/p>\n<p><\/p>\n<p><\/p>\n<p>La derni\u00e8re le\u00e7on vous guide pour cr\u00e9er une composition fantastique o\u00f9 votre licorne trouvera naturellement sa place dans votre histoire magique! Vous utiliserez la m\u00e9thode pr\u00e9c\u00e9dente pour dessiner votre licorne et apprendrez \u00e0 ajouter des champignons coquins, des fleurs souriantes et des arbres au regard curieux. Pour finir, Jane vous pr\u00e9sentera ses choix pour colorier ce tableau enchant\u00e9.<\/p>\n<h2><span style=\"color: #0000ff;\"><strong>Enregistrez vous pour ce module :<\/strong><\/span><\/h2>\n<p>Acc\u00e9dez aux 3 vid\u00e9os de cours du module \u00ab\u00a0Licornes\u00a0\u00bb pour 12 mois <strong>pour seulement 5 \u20ac<\/strong>:<\/p>\n<p>En utilisant <strong>STRIPE<\/strong> avec votre carte de cr\u00e9dit (paiement s\u00e9curis\u00e9) en vous rendant sur la page <a href=\"https:\/\/www.calligrafee.com\/cours\/membership-join\/\"><span style=\"text-decoration: underline;\"><span style=\"color: #0000ff; text-decoration: underline;\"><strong>rejoignez nous<\/strong><\/span><\/span><\/a> .<\/p>\n<p>En utilisant <strong>PAYPAL<\/strong>, paiement s\u00e9curis\u00e9 : <div class=\"swpm-payment-button\"><div class=\"swpm-button-wrapper swpm-pp-buy-now-wrapper\"><form id=\"swpm-paypal-payment-form-69f439d9c97a3\" action=\"https:\/\/www.paypal.com\/cgi-bin\/webscr\" method=\"post\" ><input type=\"hidden\" name=\"cmd\" value=\"_xclick\" \/><input type=\"hidden\" name=\"charset\" value=\"utf-8\" \/><input type=\"hidden\" name=\"bn\" value=\"TipsandTricks_SP\" \/><input type=\"hidden\" name=\"business\" value=\"licorne@calligrafee.com\" \/><input type=\"hidden\" name=\"amount\" value=\"5\" \/><input type=\"hidden\" name=\"currency_code\" value=\"EUR\" \/><input type=\"hidden\" name=\"item_number\" value=\"470\" \/><input type=\"hidden\" name=\"item_name\" value=\"licorne\" \/><input type=\"hidden\" name=\"no_shipping\" value=\"1\" \/><input type=\"hidden\" name=\"notify_url\" value=\"https:\/\/www.calligrafee.com\/cours\/?swpm_process_ipn=1\" \/><input type=\"hidden\" name=\"return\" value=\"http:\/\/www.calligrafee.com\/cours\/\" \/><input type=\"hidden\" name=\"cancel_return\" value=\"https:\/\/www.calligrafee.com\/cours\" \/><input type=\"hidden\" name=\"custom\" value=\"subsc_ref%3D7%26user_ip%3D216.73.216.122\" \/><input type=\"submit\" class=\"swpm-buy-now-button-submit\" value=\"Payez avec Paypal pour le Module Licornes\" \/><\/form><\/div><\/div><\/p>\n<p>Pour compl\u00e9ter ce module vous pouvez \u00eatre int\u00e9ress\u00e9 par le livre \u00ab\u00a0<a href=\"https:\/\/www.calligrafee.com\/livres-pour-apprendre\/\"><strong><span style=\"text-decoration: underline;\"><span style=\"color: #0000ff; text-decoration: underline;\">Dessiner les Licornes<\/span><\/span><\/strong><\/a>\u00a0\u00bb de Jane.<\/p>\n<p><\/p>\n<p><\/p>\n<p><\/p>\n<p>\n<div class=\"swpm-more-tag-not-logged-in swpm-margin-top-10\">You need to be logged in to view the rest of the content. Veuillez <a class=\"swpm-login-link\" href=\"https:\/\/www.calligrafee.com\/cours\/membership-login\/\">Log In<\/a>. Not a Member? <a href=\"https:\/\/www.calligrafee.com\/cours\/membership-join\/\">Nous Rejoindre<\/a><\/div>","protected":false},"excerpt":{"rendered":"<p>Ceci est un module sp\u00e9cial \u00ab\u00a0Licornes\u00a0\u00bb de l&rsquo;\u00e9cole en ligne Calligraf\u00e9e, qui vient en compl\u00e9ment du nouveau livre de Jane : Dessiner les Licornes. (Vous pouvez bien sur appr\u00e9cier le module par lui-m\u00eame, mais le livre est un bon compl\u00e9ment qui donne beaucoup de d\u00e9tails et comporte une partie coloriage avec de nombreux mod\u00e8les). Les &hellip; <a href=\"https:\/\/www.calligrafee.com\/cours\/licornes\/\" class=\"more-link\">Continue reading <span class=\"screen-reader-text\">Dessiner les Licornes<\/span> <span class=\"meta-nav\">&rarr;<\/span><\/a><\/p>\n","protected":false},"author":1,"featured_media":0,"parent":0,"menu_order":0,"comment_status":"closed","ping_status":"closed","template":"","meta":{"footnotes":""},"class_list":["post-464","page","type-page","status-publish","hentry"],"yoast_head":"<!-- This site is optimized with the Yoast SEO plugin v24.4 - https:\/\/yoast.com\/wordpress\/plugins\/seo\/ -->\n<title>Dessiner les Licornes - Ecole d&#039;art Calligraf\u00e9e<\/title>\n<meta name=\"robots\" content=\"index, follow, max-snippet:-1, max-image-preview:large, max-video-preview:-1\" \/>\n<link rel=\"canonical\" href=\"https:\/\/www.calligrafee.com\/cours\/licornes\/\" \/>\n<meta property=\"og:locale\" content=\"fr_FR\" \/>\n<meta property=\"og:type\" content=\"article\" \/>\n<meta property=\"og:title\" content=\"Dessiner les Licornes - Ecole d&#039;art Calligraf\u00e9e\" \/>\n<meta property=\"og:description\" content=\"Ceci est un module sp\u00e9cial \u00ab\u00a0Licornes\u00a0\u00bb de l&rsquo;\u00e9cole en ligne Calligraf\u00e9e, qui vient en compl\u00e9ment du nouveau livre de Jane : Dessiner les Licornes. (Vous pouvez bien sur appr\u00e9cier le module par lui-m\u00eame, mais le livre est un bon compl\u00e9ment qui donne beaucoup de d\u00e9tails et comporte une partie coloriage avec de nombreux mod\u00e8les). Les &hellip; Continue reading Dessiner les Licornes &rarr;\" \/>\n<meta property=\"og:url\" content=\"https:\/\/www.calligrafee.com\/cours\/licornes\/\" \/>\n<meta property=\"og:site_name\" content=\"Ecole d&#039;art Calligraf\u00e9e\" \/>\n<meta property=\"article:modified_time\" content=\"2022-03-07T14:57:59+00:00\" \/>\n<meta property=\"og:image\" content=\"https:\/\/www.calligrafee.com\/school\/wp-content\/uploads\/sites\/5\/2020\/08\/image-01b.jpg\" \/>\n<meta name=\"twitter:card\" content=\"summary_large_image\" \/>\n<meta name=\"twitter:label1\" content=\"Dur\u00e9e de lecture estim\u00e9e\" \/>\n\t<meta name=\"twitter:data1\" content=\"3 minutes\" \/>\n<script type=\"application\/ld+json\" class=\"yoast-schema-graph\">{\"@context\":\"https:\/\/schema.org\",\"@graph\":[{\"@type\":\"WebPage\",\"@id\":\"https:\/\/www.calligrafee.com\/cours\/licornes\/\",\"url\":\"https:\/\/www.calligrafee.com\/cours\/licornes\/\",\"name\":\"Dessiner les Licornes - Ecole d&#039;art Calligraf\u00e9e\",\"isPartOf\":{\"@id\":\"https:\/\/www.calligrafee.com\/cours\/#website\"},\"primaryImageOfPage\":{\"@id\":\"https:\/\/www.calligrafee.com\/cours\/licornes\/#primaryimage\"},\"image\":{\"@id\":\"https:\/\/www.calligrafee.com\/cours\/licornes\/#primaryimage\"},\"thumbnailUrl\":\"https:\/\/www.calligrafee.com\/school\/wp-content\/uploads\/sites\/5\/2020\/08\/image-01b.jpg\",\"datePublished\":\"2020-08-17T12:07:20+00:00\",\"dateModified\":\"2022-03-07T14:57:59+00:00\",\"breadcrumb\":{\"@id\":\"https:\/\/www.calligrafee.com\/cours\/licornes\/#breadcrumb\"},\"inLanguage\":\"fr-FR\",\"potentialAction\":[{\"@type\":\"ReadAction\",\"target\":[\"https:\/\/www.calligrafee.com\/cours\/licornes\/\"]}]},{\"@type\":\"ImageObject\",\"inLanguage\":\"fr-FR\",\"@id\":\"https:\/\/www.calligrafee.com\/cours\/licornes\/#primaryimage\",\"url\":\"https:\/\/www.calligrafee.com\/school\/wp-content\/uploads\/sites\/5\/2020\/08\/image-01b.jpg\",\"contentUrl\":\"https:\/\/www.calligrafee.com\/school\/wp-content\/uploads\/sites\/5\/2020\/08\/image-01b.jpg\"},{\"@type\":\"BreadcrumbList\",\"@id\":\"https:\/\/www.calligrafee.com\/cours\/licornes\/#breadcrumb\",\"itemListElement\":[{\"@type\":\"ListItem\",\"position\":1,\"name\":\"Accueil\",\"item\":\"https:\/\/www.calligrafee.com\/cours\/\"},{\"@type\":\"ListItem\",\"position\":2,\"name\":\"Dessiner les Licornes\"}]},{\"@type\":\"WebSite\",\"@id\":\"https:\/\/www.calligrafee.com\/cours\/#website\",\"url\":\"https:\/\/www.calligrafee.com\/cours\/\",\"name\":\"Ecole d&#039;art Calligraf\u00e9e\",\"description\":\"Apprenez la calligraphie, l&#039;enluminure et l&#039;art fantastique\",\"potentialAction\":[{\"@type\":\"SearchAction\",\"target\":{\"@type\":\"EntryPoint\",\"urlTemplate\":\"https:\/\/www.calligrafee.com\/cours\/?s={search_term_string}\"},\"query-input\":{\"@type\":\"PropertyValueSpecification\",\"valueRequired\":true,\"valueName\":\"search_term_string\"}}],\"inLanguage\":\"fr-FR\"}]}<\/script>\n<!-- \/ Yoast SEO plugin. -->","yoast_head_json":{"title":"Dessiner les Licornes - Ecole d&#039;art Calligraf\u00e9e","robots":{"index":"index","follow":"follow","max-snippet":"max-snippet:-1","max-image-preview":"max-image-preview:large","max-video-preview":"max-video-preview:-1"},"canonical":"https:\/\/www.calligrafee.com\/cours\/licornes\/","og_locale":"fr_FR","og_type":"article","og_title":"Dessiner les Licornes - Ecole d&#039;art Calligraf\u00e9e","og_description":"Ceci est un module sp\u00e9cial \u00ab\u00a0Licornes\u00a0\u00bb de l&rsquo;\u00e9cole en ligne Calligraf\u00e9e, qui vient en compl\u00e9ment du nouveau livre de Jane : Dessiner les Licornes. (Vous pouvez bien sur appr\u00e9cier le module par lui-m\u00eame, mais le livre est un bon compl\u00e9ment qui donne beaucoup de d\u00e9tails et comporte une partie coloriage avec de nombreux mod\u00e8les). Les &hellip; Continue reading Dessiner les Licornes &rarr;","og_url":"https:\/\/www.calligrafee.com\/cours\/licornes\/","og_site_name":"Ecole d&#039;art Calligraf\u00e9e","article_modified_time":"2022-03-07T14:57:59+00:00","og_image":[{"url":"https:\/\/www.calligrafee.com\/school\/wp-content\/uploads\/sites\/5\/2020\/08\/image-01b.jpg","type":"","width":"","height":""}],"twitter_card":"summary_large_image","twitter_misc":{"Dur\u00e9e de lecture estim\u00e9e":"3 minutes"},"schema":{"@context":"https:\/\/schema.org","@graph":[{"@type":"WebPage","@id":"https:\/\/www.calligrafee.com\/cours\/licornes\/","url":"https:\/\/www.calligrafee.com\/cours\/licornes\/","name":"Dessiner les Licornes - Ecole d&#039;art Calligraf\u00e9e","isPartOf":{"@id":"https:\/\/www.calligrafee.com\/cours\/#website"},"primaryImageOfPage":{"@id":"https:\/\/www.calligrafee.com\/cours\/licornes\/#primaryimage"},"image":{"@id":"https:\/\/www.calligrafee.com\/cours\/licornes\/#primaryimage"},"thumbnailUrl":"https:\/\/www.calligrafee.com\/school\/wp-content\/uploads\/sites\/5\/2020\/08\/image-01b.jpg","datePublished":"2020-08-17T12:07:20+00:00","dateModified":"2022-03-07T14:57:59+00:00","breadcrumb":{"@id":"https:\/\/www.calligrafee.com\/cours\/licornes\/#breadcrumb"},"inLanguage":"fr-FR","potentialAction":[{"@type":"ReadAction","target":["https:\/\/www.calligrafee.com\/cours\/licornes\/"]}]},{"@type":"ImageObject","inLanguage":"fr-FR","@id":"https:\/\/www.calligrafee.com\/cours\/licornes\/#primaryimage","url":"https:\/\/www.calligrafee.com\/school\/wp-content\/uploads\/sites\/5\/2020\/08\/image-01b.jpg","contentUrl":"https:\/\/www.calligrafee.com\/school\/wp-content\/uploads\/sites\/5\/2020\/08\/image-01b.jpg"},{"@type":"BreadcrumbList","@id":"https:\/\/www.calligrafee.com\/cours\/licornes\/#breadcrumb","itemListElement":[{"@type":"ListItem","position":1,"name":"Accueil","item":"https:\/\/www.calligrafee.com\/cours\/"},{"@type":"ListItem","position":2,"name":"Dessiner les Licornes"}]},{"@type":"WebSite","@id":"https:\/\/www.calligrafee.com\/cours\/#website","url":"https:\/\/www.calligrafee.com\/cours\/","name":"Ecole d&#039;art Calligraf\u00e9e","description":"Apprenez la calligraphie, l&#039;enluminure et l&#039;art fantastique","potentialAction":[{"@type":"SearchAction","target":{"@type":"EntryPoint","urlTemplate":"https:\/\/www.calligrafee.com\/cours\/?s={search_term_string}"},"query-input":{"@type":"PropertyValueSpecification","valueRequired":true,"valueName":"search_term_string"}}],"inLanguage":"fr-FR"}]}},"_links":{"self":[{"href":"https:\/\/www.calligrafee.com\/cours\/wp-json\/wp\/v2\/pages\/464"}],"collection":[{"href":"https:\/\/www.calligrafee.com\/cours\/wp-json\/wp\/v2\/pages"}],"about":[{"href":"https:\/\/www.calligrafee.com\/cours\/wp-json\/wp\/v2\/types\/page"}],"author":[{"embeddable":true,"href":"https:\/\/www.calligrafee.com\/cours\/wp-json\/wp\/v2\/users\/1"}],"replies":[{"embeddable":true,"href":"https:\/\/www.calligrafee.com\/cours\/wp-json\/wp\/v2\/comments?post=464"}],"version-history":[{"count":0,"href":"https:\/\/www.calligrafee.com\/cours\/wp-json\/wp\/v2\/pages\/464\/revisions"}],"wp:attachment":[{"href":"https:\/\/www.calligrafee.com\/cours\/wp-json\/wp\/v2\/media?parent=464"}],"curies":[{"name":"wp","href":"https:\/\/api.w.org\/{rel}","templated":true}]}}